rime factors of 1729.
7, 13, 19
What are the prime factors of 1430?
2, 5, 11, 13
What are the prime factors of 1715?
5, 7
List the prime factors of 22410.
2, 3, 5, 83
List the prime factors of 1591.
37, 43
List the prime factors of 6989.
29, 241
List the prime factors of 33661.
41, 821
What are the prime factors of 21086?
2, 13, 811
What are the prime factors of 48078?
2, 3, 2671
List the prime factors of 601.
601
What are the prime factors of 1984?
2, 31
List the prime factors of 42457.
42457
What are the prime factors of 8872?
2, 1109
What are the prime factors of 11009?
101, 109
List the prime factors of 642.
2, 3, 107
List the prime factors of 27583.
27583
List the prime factors of 3700.
2, 5, 37
List the prime factors of 106226.
2, 53113
List the prime factors of 118000.
2, 5, 59
List the prime factors of 2139.
3, 23, 31
List the prime factors of 151208.
2, 41, 461
What are the prime factors of 2103?
3, 701
List the prime factors of 19974.
2, 3, 3329
What are the prime factors of 14571?
3, 1619
List the prime factors of 63129.
3, 11, 1913
What are the prime factors of 92825?
5, 47, 79
List the prime factors of 8784.
2, 3, 61
List the prime factors of 16260.
2, 3, 5, 271
What are the prime factors of 32316?
2, 3, 2693
What are the prime factors of 33299?
7, 67, 71
List the prime factors of 5900.
2, 5, 59
What are the prime factors of 7335?
3, 5, 163
What are the prime factors of 57462?
2, 3, 61, 157
List the prime factors of 104022.
2, 3, 5779
List the prime factors of 1344.
2, 3, 7
What are the prime factors of 454?
2, 227
List the prime factors of 4269.
3, 1423
List the prime factors of 113586.
2, 3, 11, 1721
List the prime factors of 7492.
2, 1873
What are the prime factors of 17584?
2, 7, 157
What are the prime factors of 13460?
2, 5, 673
List the prime factors of 30045.
3, 5, 2003
What are the prime factors of 244?
2, 61
What are the prime factors of 1989?
3, 13, 17
List the prime factors of 1622.
2, 811
What are the prime factors of 10336?
2, 17, 19
List the prime factors of 1127.
7, 23
List the prime factors of 1610.
2, 5, 7, 23
List the prime factors of 15380.
2, 5, 769
List the prime factors of 1285.
5, 257
List the prime factors of 134744.
2, 16843
What are the prime factors of 2202?
2, 3, 367
List the prime factors of 2402.
2, 1201
What are the prime factors of 198598?
2, 109, 911
What are the prime factors of 876?
2, 3, 73
List the prime factors of 115246.
2, 29, 1987
List the prime factors of 2563.
11, 233
List the prime factors of 2644.
2, 661
What are the prime factors of 1339?
13, 103
List the prime factors of 626.
2, 313
List the prime factors of 813.
3, 271
What are the prime factors of 1467?
3, 163
List the prime factors of 23432.
2, 29, 101
What are the prime factors of 13162?
2, 6581
What are the prime factors of 53000?
2, 5, 53
List the prime factors of 2771.
17, 163
What are the prime factors of 1393?
7, 199
What are the prime factors of 42124?
2, 10531
List the prime factors of 3483.
3, 43
What are the prime factors of 4857?
3, 1619
What are the prime factors of 1604?
2, 401
List the prime factors of 83515.
5, 16703
What are the prime factors of 2231?
23, 97
List the prime factors of 26290.
2, 5, 11, 239
List the prime factors of 7889.
7, 23
List the prime factors of 1809.
3, 67
List the prime factors of 18817.
31, 607
List the prime factors of 480.
2, 3, 5
What are the prime factors of 1110?
2, 3, 5, 37
What are the prime factors of 2407?
29, 83
List the prime factors of 13151.
13151
List the prime factors of 32.
2
List the prime factors of 21954.
2, 3, 3659
List the prime factors of 10324.
2, 29, 89
List the prime factors of 430.
2, 5, 43
List the prime factors of 74237.
61, 1217
List the prime factors of 669.
3, 223
What are the prime factors of 11838?
2, 3, 1973
List the prime factors of 2859.
3, 953
What are the prime factors of 20598?
2, 3, 3433
List the prime factors of 9935.
5, 1987
List the prime factors of 8044.
2, 2011
What are the prime factors of 3616?
2, 113
What are the prime factors of 7454?
2, 3727
What are the prime factors of 365?
5, 73
What are the prime factors of 1188?
2, 3, 11
What are the prime factors of 26917?
11, 2447
What are the prime factors of 51206?
2, 25603
What are the prime factors of 27869?
29, 31
What are the prime factors of 24754?
2, 12377
List the prime factors of 323.
17, 19
What are the prime factors of 37576?
2, 7, 11, 61
List the prime factors of 5935.
5, 1187
What are the prime factors of 1204?
2, 7, 43
What are the prime factors of 104?
2, 13
List the prime factors of 1115.
5, 223
What are the prime factors of 94433?
94433
What are the prime factors of 175?
5, 7
List the prime factors of 3364.
2, 29
What are the prime factors of 40129?
40129
List the prime factors of 2120.
2, 5, 53
What are the prime factors of 13754?
2, 13, 23
List the prime factors of 3046.
2, 1523
What are the prime factors of 20677?
23, 29, 31
List the prime factors of 17335.
5, 3467
What are the prime factors of 952?
2, 7, 17
What are the prime factors of 28350?
2, 3, 5, 7
List the prime factors of 25509.
3, 11, 773
List the prime factors of 10122.
2, 3, 7, 241
List the prime factors of 6159.
3, 2053
What are the prime factors of 78196?
2, 113, 173
What are the prime factors of 38532?
2, 3, 13, 19
What are the prime factors of 6564?
2, 3, 547
What are the prime factors of 2851?
2851
What are the prime factors of 72292?
2, 11, 31, 53
What are the prime factors of 1936?
2, 11
List the prime factors of 3708.
2, 3, 103
List the prime factors of 8128.
2, 127
List the prime factors of 2405.
5, 13, 37
List the prime factors of 119857.
29, 4133
List the prime factors of 3735.
3, 5, 83
List the prime factors of 84364.
2, 7, 23, 131
What are the prime factors of 59?
59
List the prime factors of 1732.
2, 433
What are the prime factors of 1560?
2, 3, 5, 13
List the prime factors of 786.
2, 3, 131
List the prime factors of 311.
311
List the prime factors of 30021.
3, 10007
List the prime factors of 5743.
5743
List the prime factors of 1520.
2, 5, 19
What are the prime factors of 1768?
2, 13, 17
What are the prime factors of 75976?
2, 9497
What are the prime factors of 358?
2, 179
List the prime factors of 2450.
2, 5, 7
List the prime factors of 4151.
7, 593
What are the prime factors of 24094?
2, 7, 1721
What are the prime factors of 10389?
3, 3463
What are the prime factors of 12732?
2, 3, 1061
What are the prime factors of 152617?
152617
What are the prime factors of 1324?
2, 331
What are the prime factors of 20958?
2, 3, 7, 499
What are the prime factors of 1700?
2, 5, 17
What are the prime factors of 92515?
5, 18503
What are the prime factors of 4048?
2, 11, 23
What are the prime factors of 20143?
20143
What are the prime factors of 3832?
2, 479
What are the prime factors of 88261?
88261
What are the prime factors of 12656?
2, 7, 113
List the prime factors of 5981.
5981
What are the prime factors of 4263?
3, 7, 29
What are the prime factors of 1431?
3, 53
What are the prime factors of 45775?
5, 1831
List the prime factors of 827.
827
What are the prime factors of 4141?
41, 101
What are the prime factors of 6497?
73, 89
What are the prime factors of 87704?
2, 19, 577
List the prime factors of 3288.
2, 3, 137
List the prime factors of 2462.
2, 1231
What are the prime factors of 15596?
2, 7, 557
List the prime factors of 585.
3, 5, 13
What are the prime factors of 55102?
2, 27551
List the prime factors of 76766.
2, 131, 293
What are the prime factors of 806?
2, 13, 31
What are the prime factors of 5869?
5869
What are the prime factors of 107444?
2, 26861
List the prime factors of 2579.
2579
What are the prime factors of 4912?
2, 307
What are the prime factors of 38149?
38149
What are the prime factors of 2855?
5, 571
List the prime factors of 241.
241
List the prime factors of 3691.
3691
What are the prime factors of 24346?
2, 7, 37, 47
What are the prime factors of 724?
2, 181
What are the prime factors of 3846?
2, 3, 641
List the prime factors of 5373.
3, 199
List the prime factors of 1061.
1061
List the prime factors of 6305.
5, 13, 97
List the prime factors of 11073.
3, 3691
What are the prime factors of 20701?
127, 163
List the prime factors of 7890.
2, 3, 5, 263
What are the prime factors of 106527?
